remainder when b is divided by 112.
103
Suppose 3*h - 7*d - 9192 = -11*d, -12256 = -4*h - d. What is the remainder when h is divided by 8?
0
Let x = 32 - 15. Suppose -244 = -5*m + 3*c, -5*m + 98 = -2*c - 148. Calculate the remainder when m is divided by x.
16
Suppose -55*o = 136*o - 86335 + 3059. Calculate the remainder when o is divided by 142.
10
Let x = 2 - 6. Let g = -3 - x. Suppose -44 = -5*p + g. What is the remainder when p is divided by 5?
4
Suppose 25270 = -3*g + 25303. What is the remainder when 7400 is divided by g?
8
Suppose -4*n - 34 = 2*h, n - 6*n - h = 38. What is the remainder when (n - -3) + 7 - -94 is divided by 20?
17
Suppose 438 - 849 = -40*k + 749. What is the remainder when 109 is divided by k?
22
Let w = -19 - -123. Suppose 3*o + w = 5*o. Let y = 368 + -354. What is the remainder when o is divided by y?
10
Let g = -204 + 159. Calculate the remainder when (5/(g/(-12)))/(5/60) is divided by 9.
7
What is the remainder when (-30)/(-45)*18 - -2000 is divided by 43?
34
Suppose -37*n + 1495 = -4*n + 109. What is the remainder when 375 is divided by n?
39
Suppose 16 - 55 = -3*r. Suppose -5*z + 2*c + 415 = 0, z + 17*c = r*c + 83. What is the remainder when z is divided by 10?
3
Suppose -8706 = 79*u - 85*u. What is the remainder when u is divided by 11?
10
Suppose 2*t - 11 = -s, -4*s + 77 = -79*t + 76*t. What is the remainder when 966 is divided by s?
14
Let j = 177 - 149. Suppose 39*n - j*n = 187. Let k = 153 - 106. Calculate the remainder when k is divided by n.
13
Let v(z) be the first derivative of 0*z**2 + 12 + 0*z**2 - 4*z**2 - 6*z. Calculate the remainder when v(-8) is divided by 15.
13
Calculate the remainder when -2*(75669/(-44) + (-3)/(-12)) - 2 is divided by 172.
169
Suppose 4*c + 3*v - 13 = 0, 0*v - v - 2 = -5*c. Let o(f) = 4*f + 12. Let w(b) = 23*b + 1. What is the remainder when w(4) is divided by o(c)?
13
Suppose -10120 = 469*k - 480*k. Let d = -899 + k. What is the remainder when 76 is divided by d?
13
Suppose 0 = -5*s + 5 + 10. Let d(a) = 123*a**2 - 1229*a - 4. Calculate the remainder when d(10) is divided by s.
0
Suppose -5*a = 31 - 891. Suppose -m = 2*t - 0 + 2, 3*t = 5*m - 16. Suppose -2*r + 74 = 3*g - m*g, 5*g + 155 = 5*r. What is the remainder when a is divided by r?
32
Let k = -5609 + 6206. What is the remainder when k is divided by 40?
37
Suppose -2*y + 3*d = -4*y - 25, 5*y = -5*d - 65. Let w = y + 56. Let a = 13 + w. What is the remainder when a is divided by 29?
26
Suppose -18*q + 924 = -66. Let u(c) = -c + 64. Calculate the remainder when 681 is divided by u(q).
6
Let v be 0/(2 - 0)*(3 + -2). Calculate the remainder when 6/(-10) - (-4256)/35 is divided by (12/(-18))/(6/(-369) - v).
39
Suppose 128 = g + 2*g + 2*r, -5*g - 2*r + 212 = 0. Suppose 4*z + n = 104, n + n = 2*z - g. Calculate the remainder when z is divided by 23.
2
Let u(c) = 81*c + 377. Calculate the remainder when 192 is divided by u(-4).
33
Suppose 5*k - 251 = -2*w, 4*k - 199 = 2*w - 3*w. Suppose 4*h - k*h = -1395. Calculate the remainder when 84 is divided by h.
22
Suppose -48 = -3*t - x, 5*x - x = 2*t - 4. What is the remainder when 553 is divided by t?
7
Let x(a) = 3*a**2 + 6*a - 206. Let r be x(-18). Suppose 57*p - 10*p - r = 0. What is the remainder when 64 is divided by p?
8
Let t be ((-2445)/30)/(1/2). Let y = 195 + t. What is the remainder when y is divided by 9?
5
Suppose 4*u + 2*y + 33 - 113 = 0, 0 = 4*u - 2*y - 80. Let k be -2*(-2)/u*5. Calculate the remainder when (-40*k)/(6/(-9)) is divided by 31.
29
Let x = -188 - -196. Suppose -21*j + x = -13*j. Calculate the remainder when 7 is divided by j.
0
Let n = -4755 - -4769. Calculate the remainder when 6465 is divided by n.
11
Let u be (7 - (-24)/(-8))*4. Suppose 0 = u*x - 1352 - 200. Calculate the remainder when x is divided by 27.
16
Suppose 3*i + 2*i = 230. What is the remainder when i is divided by 6*((-144)/(-336))/((-18)/(-147))?
4
Suppose 0 = -2347*h + 2341*h + 336. Calculate the remainder when 155 is divided by h.
43
Let k = -58 + 61. Let q be 98/3*(k - 27/6). Let h = q - -53. Calculate the remainder when 17 is divided by h.
1
Calculate the remainder when 8/60 - (-4)/(-90)*-83562 is divided by 59.
56
Suppose -f = v - 226, 37*v - 40*v + 4*f = -678. Calculate the remainder when v is divided by 132.
94
Let d(f) = -25*f + 2. Let z be d(-3). Let m = 164 - z. Calculate the remainder when m is divided by ((-3)/5)/(((-15)/1925)/(22/77)).
21
Let b(h) = -1523*h**3 + 2*h**2 + 8*h + 6. What is the remainder when b(-1) is divided by 12?
11
Let l(x) = -x**3 - 7*x**2 + 20*x - 6. Suppose q - 4*y - 43 = 0, 12*q - 17*q - y + 299 = 0. Calculate the remainder when l(-10) is divided by q.
35
Suppose -79*g + 81*g + 3*f - 15 = 0, -g - 4*f + 10 = 0. Calculate the remainder when 160 is divided by g.
4
Suppose 21*d + 123 = 17240 + 229. What is the remainder when 2484 is divided by d?
6
Let v = 10583 - 10573. Calculate the remainder when v is divided by 0/(-1) - (1 + -9).
2
Suppose 5*w - 1211 = -3*d + 2851, -4*w + 5*d = -3257. Calculate the remainder when w is divided by 12.
9
Calculate the remainder when 123 is divided by (-93)/62*(-580)/15.
7
Let m = 29 - 17. Let f(y) = y**3 + 61*y**2 + 152*y + 2010. Calculate the remainder when m is divided by f(-59).
0
Let l(k) = 57*k + 32. Let g be l(-12). Let m = g + 661. What is the remainder when 77 is divided by m?
5
Suppose 69*t - 57*t = 132. Suppose 6*c = 10*c + 36. Let m = 12 + c. What is the remainder when t is divided by m?
2
What is the remainder when 492 is divided by (3 - 72)*(29 + -31)?
78
Suppose 3*a = 30*s - 28*s - 1130, -a - 562 = -s. Calculate the remainder when 566 is divided by s.
10
Let g = 0 - -18. Let h(q) = q**2 - q + 3. Let p be h(0). Suppose p*x - 192 = -4*y, 3*x - 4*y - y = 219. Calculate the remainder when x is divided by g.
14
Let p be ((-2)/2)/(-2)*-38. Let q = 16 - p. What is the remainder when q is divided by 160/24*(324/10)/18?
11
Suppose 62 = p + 61, 4*p - 1486 = -13*j. What is the remainder when 526 is divided by j?
70
Suppose -5*p - 5*x + 1180 = 0, -2*p - 4*x + 598 - 132 = 0. What is the remainder when p is divided by 168?
71
Let o(a) = -3*a**2 - 19*a + 11. Let z(r) = -r**2 - 1. Let q(x) = o(x) - 5*z(x). Calculate the remainder when (-40)/(-12)*(-186)/(-4) is divided by q(10).
25
What is the remainder when (-10 + 304/40)*(-3)/((-27)/(-330)) is divided by 47?
41
Let n be 2*-6*(-1)/(-4). Let a(j) = 25*j + 18. Let k be a(6). What is the remainder when n/(-3)*(k - 1) is divided by 17?
14
Suppose 21*p = -55*p - 48*p + 44516. Let f(m) = m**3 + 9*m**2 - 2*m + 2. Calculate the remainder when p is divided by f(-9).
19
Suppose 0 = 100*z - 95*z + 6*o - 7831, 2*z - 3158 = 4*o. Calculate the remainder when z is divided by 15.
11
Let q = -31 - -37. Suppose -2 = -n - 2*l, n + 3*l = 5*l + q. Calculate the remainder when 17 is divided by n.
1
Let x be (-2 - (-5907)/6) + (-28)/(-56). Let p = x - 965. Calculate the remainder when 664 is divided by p.
16
Let t = -1234 + 1247. What is the remainder when 37 is divided by t?
11
Suppose 0 = -9*z - 3*z - 0*z + 1164. Calculate the remainder when z is divided by 20.
17
Suppose -371 = 45*p + 79. Let h(x) = 4*x**2 - 5*x**2 - 13*x + 9 + 7. What is the remainder when h(p) is divided by 6?
4
Suppose 21*m = -444*m + 11160. Suppose 0*b + 235 = 2*b - 3*a, -3*a - 3 = 0. Calculate the remainder when b is divided by m.
20
Let l(x) = 5*x**2 - 6*x + 29. Let d be l(5). Let o = 139 + d. What is the remainder when o is divided by 11?
10
Let f be (-4)/(-38) + (-206180)/(-1159). Let k(z) = z**2 + 3*z + 3. Let t be k(5). Let l = f - t. Calculate the remainder when l is divided by 34.
33
Let l = -411 - -500. Let n = -22 - -45. What is the remainder when l is divided by n?
20
Suppose i - f + 2*f = 2, -i + 20 = -5*f. Let c(h) = 38*h - 103. What is the remainder when c(i) is divided by 22?
21
Let a(s) = s**2 - 31*s - 10824. What is the remainder when 1912 is divided by a(121)?
64
Let c(m) = -3*m - 17. What is the remainder when ((-171)/(-18) - 3)*8 is divided by c(-13)?
8
Suppose -3*f + 5*s + 163 = -2*f, -2*f - 5*s + 401 = 0. Let z = f + -160. What is the remainder when 249 is divided by z?
25
Let s be 128/(0 - -2)*(-5 - -3). Calculate the remainder when 675/8 + 48/s is divided by 29.
26
Let c = 989 - -155. Let g = c - 773. 